Is 28963 prime?
False
Is 669527 prime?
True
Is 32839 a prime number?
True
Is 38113 prime?
True
Is 419 prime?
True
Is 7901 prime?
True
Is 95063 composite?
False
Is 301267 prime?
True
Is 361993 a composite number?
False
Is 11983 a prime number?
False
Is 3847 a prime number?
True
Is 11677 composite?
False
Is 2569 prime?
False
Is 87833 a composite number?
False
Is 140242 a composite number?
True
Is 1637 prime?
True
Is 30329 a prime number?
False
Is 44167 prime?
False
Is 3957 a prime number?
False
Is 462959 a composite number?
True
Is 151517 a composite number?
False
Is 697 a composite number?
True
Is 24443 a prime number?
True
Is 255757 prime?
True
Is 84121 a prime number?
True
Is 47233 a composite number?
True
Is 62191 composite?
False
Is 6502 prime?
False
Is 1207151 prime?
False
Is 4535 prime?
False
Is 10977 a composite number?
True
Is 14519 composite?
False
Is 72133 prime?
False
Is 4909 prime?
True
Is 336511 composite?
True
Is 457319 composite?
False
Is 29633 prime?
True
Is 51046 a composite number?
True
Is 11341 a composite number?
True
Is 2258 composite?
True
Is 3433 a composite number?
False
Is 1559 prime?
True
Is 717917 composite?
False
Is 1056473 composite?
True
Is 685 composite?
True
Is 1114193 a prime number?
True
Is 1711 a composite number?
True
Is 58831 a composite number?
False
Is 6017537 a composite number?
False
Is 271831 a composite number?
True
Is 29917 a composite number?
False
Is 16669 a composite number?
True
Is 133217 a composite number?
True
Is 201257 composite?
True
Is 378253 a composite number?
False
Is 9346 prime?
False
Is 19781 prime?
False
Is 1759 composite?
False
Is 4112585 a composite number?
True
Is 50887 prime?
False
Is 182813 a prime number?
True
Is 71319 composite?
True
Is 26797 prime?
False
Is 441143 prime?
False
Is 79727 a composite number?
True
Is 45707 composite?
False
Is 708787 a prime number?
False
Is 12067 prime?
False
Is 27329 a composite number?
False
Is 229813 composite?
False
Is 138949 composite?
True
Is 588073 composite?
False
Is 148747 composite?
False
Is 12179 a composite number?
True
Is 31273 a composite number?
True
Is 167309 composite?
False
Is 3761 a composite number?
False
Is 15143 a prime number?
False
Is 8727 composite?
True
Is 369235 a composite number?
True
Is 85331 prime?
True
Is 431539 composite?
True
Is 434537 a composite number?
True
Is 1465 prime?
False
Is 57029 prime?
False
Is 341191 composite?
False
Is 114641 a prime number?
True
Is 213335 a prime number?
False
Is 16015 composite?
True
Is 5854 prime?
False
Is 323759 prime?
True
Is 385511 a composite number?
True
Is 33133 prime?
False
Is 149197 prime?
True
Is 15229 composite?
True
Is 2159 composite?
True
Is 7087 prime?
False
Is 102283 a prime number?
False
Is 10033 composite?
True
Is 189146 prime?
False
Is 23554 composite?
True
Is 37039 composite?
False
Is 5311 a prime number?
False
Is 386185 a prime number?
False
Is 2543 composite?
False
Is 368369 a prime number?
True
Is 27589 a composite number?
True
Is 101965 composite?
True
Is 78877 prime?
True
Is 46091 a composite number?
False
Is 298153 a prime number?
True
Is 3309 composite?
True
Is 21991 composite?
False
Is 7601 a composite number?
True
Is 669 a prime number?
False
Is 40739 composite?
False
Is 733693 prime?
False
Is 137657 composite?
True
Is 21647 a composite number?
False
Is 622813 composite?
False
Is 128431 a prime number?
True
Is 529117 a prime number?
True
Is 224197 a composite number?
False
Is 21647 composite?
False
Is 4633 prime?
False
Is 2203 prime?
True
Is 211007 a composite number?
False
Is 16519 a prime number?
True
Is 5513 composite?
True
Is 16759 a prime number?
True
Is 665069 a prime number?
True
Is 8063 prime?
False
Is 4043 a composite number?
True
Is 644797 composite?
False
Is 1207 composite?
True
Is 131315 a composite number?
True
Is 200843 composite?
False
Is 404857 prime?
False
Is 11777 a prime number?
True
Is 32371 a composite number?
False
Is 666493 a composite number?
False
Is 9781 prime?
True
Is 31523 a prime number?
False
Is 388081 prime?
True
Is 318881 a composite number?
False
Is 221541 prime?
False
Is 17567 a composite number?
True
Is 44159 a composite number?
False
Is 23469 prime?
False
Is 14954 a composite number?
True
Is 2537117 prime?
False
Is 48163 a prime number?
True
Is 38939 a prime number?
False
Is 3943 a prime number?
True
Is 473623 prime?
False
Is 6174101 prime?
True
Is 9811 prime?
True
Is 247 a prime number?
False
Is 304273 prime?
False
Is 335253 composite?
True
Is 169203 prime?
False
Is 1285 a prime number?
False
Is 17947 prime?
False
Is 460337 composite?
False
Is 1100251 composite?
True
Is 213019 prime?
True
Is 3433 a composite number?
False
Is 85213 composite?
False
Is 92627 a prime number?
True
Is 570089 prime?
False
Is 721 prime?
False
Is 1603649 prime?
True
Is 99701 a composite number?
True
Is 418001 composite?
True
Is 14681 composite?
True
Is 2179 composite?
False
Is 444853 a prime number?
False
Is 1768411 a prime number?
True
Is 304847 prime?
True
Is 194239 a composite number?
False
Is 39967 a composite number?
True
Is 114259 a prime number?
True
Is 6257 composite?
False
Is 12323 prime?
True
Is 32531 a composite number?
False
Is 53203 a composite number?
True
Is 522947 a prime number?
True
Is 7369 prime?
True
Is 5461 a composite number?
True
Is 58371 prime?
False
Is 129187 prime?
True
Is 44261 a composite number?
True
Is 10111 prime?
True
Is 70051 prime?
True
Is 158995 a prime number?
False
Is 16397 a composite number?
True
Is 818945 a prime number?
False
Is 84107 composite?
True
Is 877 prime?
True
Is 310397 composite?
False
Is 436081 composite?
False
Is 117563 prime?
True
Is 54601 prime?
True
Is 33518 a composite number?
True
Is 306643 composite?
False
Is 371177 composite?
False
Is 8795 a prime number?
False
Is 29123 a composite number?
False
Is 17519 a prime number?
True
Is 38543 prime?
True
Is 35179 composite?
True
Is 45481 a prime number?
True
Is 489669 a prime number?
False
Is 51637 prime?
True
Is 63487 prime?
True
Is 217783 a prime number?
False
Is 7861 a composite number?
True
Is 105295 composite?
True
Is 9199 composite?
False
Is 398303 a prime number?
True
Is 23251 a composite number?
False
Is 631 prime?
True
Is 257171 prime?
True
Is 983251 a composite number?
True
Is 87179 a composite number?
False
Is 287533 a prime number?
False
Is 693181 a prime number?
False
Is 510505 prime?
False
Is 1081833 a composite number?
True
Is 7681 composite?
False
Is 8147 composite?
False
Is 782309 composite?
True
Is 7115 a prime number?
False
Is 90913 a composite number?
True
Is 120983 prime?
False
Is 43477 composite?
True
Is 4547 composite?
False
Is 384953 composite?
True
Is 196103 composite?
True
Is 11159 prime?
True
Is 18301 prime?
True
Is 254 a prime number?
False
Is 66371 a composite number?
True
Is 24303 a prime number?
False
Is 1154011 prime?
False
Is 79719 a composite number?
True
Is 69929 a composite number?
False
Is 296665 prime?
False
Is 784243 a prime number?
True
Is 312905 composite?
True
Is 124513 composite?
False
Is 60647 a composite number?
False
Is 310477 prime?
False
Is 4586 prime?
False
Is 3174157 a composite number?
True
Is 24281 prime?
True
Is 429593 a prime number?
False
Is 4511 prime?
False
Is 11953 composite?
False
Is 6769 composite?
True
Is 3287 composite?
True
Is 264035 prime?
False
Is 217441 a prime number?
False
Is 148429 a composite number?
False
Is 158293 prime?
True
Is 423173 composite?
False
Is 4591 a prime number?
True
Is 1585 a composite number?
True
Is 1553 prime?
True
Is 49391 prime?
True
Is 1937 a prime number?
False
Is 1907 composite?
False
Is 85277 prime?
False
Is 510091 prime?
False
Is 80005 composite?
True
Is 51473 a prime number?
True
Is 990631 composite?
False
Is 84193 a composite number?
True
Is 2251 composite?
False
Is 1244183 composite?
False
Is 82871 a composite number?
True
Is 1454781 a prime number?
False
Is 143699 a composite number?
False
Is 11558 a prime number?
False
Is 249715 a composite number?
True
Is 247263 a prime number?
False
Is 9277 a composite number?
False
Is 42827 a prime number?
False
Is 14047 prime?
False
Is 314593 a composite number?
True
Is 31177 composite?
False
Is 16391 composite?
True
Is 5381 prime?
True
Is 405571 a composite number?
True
Is 7393 a prime number?
True
Is